-11200
In base 16, what is 15a - -3e?
198
In base 7, what is -2046 - 3?
-2052
In base 16, what is -14a - -1?
-149
In base 4, what is 101123 - 2?
101121
In base 3, what is 2 + 20112?
20121
In base 9, what is -2502 + -5?
-2507
In base 7, what is 4 - 202?
-165
In base 12, what is 16 + -2?
14
In base 8, what is 3204 + -2?
3202
In base 12, what is -4 + -96?
-9a
In base 12, what is 9 - 3?
6
In base 2, what is 11 - 1000010?
-111111
In base 4, what is -22 + 3?
-13
In base 6, what is -5 - -3?
-2
In base 10, what is 61 - 71?
-10
In base 2, what is 11 - -101010?
101101
In base 16, what is -1 + 4c?
4b
In base 7, what is 2 + 4003?
4005
In base 12, what is -35 + 3b?
6
In base 5, what is 4 - 14011?
-14002
In base 7, what is -6 + -61?
-100
In base 6, what is 103 - 424?
-321
In base 14, what is -3cb - 4?
-3d1
In base 7, what is -3 - 145?
-151
In base 5, what is 2 + 132?
134
In base 14, what is 490 + 5?
495
In base 14, what is 2 - -67?
69
In base 10, what is -41 - -7?
-34
In base 16, what is -8 + 8ed?
8e5
In base 16, what is 5 + 310?
315
In base 2, what is 11 - 110001011?
-110001000
In base 11, what is a12 - 2?
a10
In base 11, what is 3 + -2?
1
In base 5, what is -43 + 2020?
1422
In base 15, what is -2b2 + -5?
-2b7
In base 8, what is -5 - -27?
22
In base 15, what is 7c - 2?
7a
In base 11, what is 2 + -2a4?
-2a2
In base 7, what is -34 + -121?
-155
In base 7, what is 1456 + -2?
1454
In base 14, what is 45 + -16?
2d
In base 6, what is -35 - 1?
-40
In base 14, what is 47b5 + 4?
47b9
In base 14, what is -25 + 134?
10d
In base 4, what is -310 + -13?
-323
In base 3, what is 1001 + 10?
1011
In base 4, what is -10 - 323?
-333
In base 8, what is 5 + -6041?
-6034
In base 12, what is -2 - 13?
-15
In base 6, what is 5 + 112?
121
In base 12, what is -28 + -6a?
-96
In base 4, what is -10 - 10332?
-11002
In base 2, what is -111 + 11100?
10101
In base 2, what is 110011101 + -10010?
110001011
In base 15, what is 4b - 3?
48
In base 5, what is 122 - 21?
101
In base 5, what is 4 - -242?
301
In base 3, what is -120102021 - 1?
-120102022
In base 13, what is -c - -35?
26
In base 15, what is -2 + 4?
2
In base 16, what is -2 + -302?
-304
In base 10, what is 3 - 1878?
-1875
In base 4, what is -100 + 12?
-22
In base 6, what is 24131 - 0?
24131
In base 13, what is 656 - 1?
655
In base 9, what is 22 - -1?
23
In base 11, what is -4 + 1a6?
1a2
In base 5, what is -1 - 10330?
-10331
In base 7, what is -1261 + 1?
-1260
In base 16, what is -3 + -de?
-e1
In base 10, what is -2349 + 3?
-2346
In base 6, what is -2 + -100?
-102
In base 8, what is -32 - 1?
-33
In base 5, what is 433042 - 0?
433042
In base 13, what is 29 + 66?
92
In base 16, what is 5 - 1ad?
-1a8
In base 15, what is -2 - 9b?
-9d
In base 9, what is 1 - 137?
-136
In base 6, what is 41 + 112?
153
In base 5, what is 102 - 21?
31
In base 14, what is 24cb + 1?
24cc
In base 10, what is 4 - -513?
517
In base 3, what is 2202 + 1?
2210
In base 6, what is -5 + 200?
151
In base 3, what is -122012 + 200?
-121112
In base 10, what is 1491 + 2?
1493
In base 2, what is -10001011011 - 100?
-10001011111
In base 12, what is 7 - -5a?
65
In base 15, what is -19a - -4?
-196
In base 16, what is -4 - -183?
17f
In base 12, what is -4 + -196?
-19a
In base 11, what is -3750 - 5?
-3755
In base 16, what is -3d + 63?
26
In base 8, what is -25 - -2?
-23
In base 11, what is 15 - 284?
-26a
In base 12, what is 4 + 15a?
162
In base 14, what is -3 + -1a2?
-1a5
In base 8, what is -7534 + 0?
-7534
In base 15, what is 2 - c40?
-c3d
In base 11, what is a - -15?
24
In base 10, what is 81 + -16?
65
In base 8, what is -3 - -26?
23
In base 13, what is -2 - 124c?
-1251
In base 10, what is 48 + -3?
45
In base 16, what is 3be + 1?
3bf
In base 6, what is 2 - 3510?
-3504
In base 14, what is 3 + -d5?
-d2
In base 13, what is 61 - 10?
51
In base 11, what is 0 - -33?
33
In base 13, what is -2b8 - -1?
-2b7
In base 13, what is 0 - -548?
548
In base 13, what is -1497a - 3?
-14980
In base 2, what is -1010111000 + 10?
-1010110110
In base 7, what is 3 + 1250?
1253
In base 6, what is 51 - 440?
-345
In base 7, what is -20 - 121?
-141
In base 15, what is -1 + 2b?
2a
In base 4, what is 2 + 3000?
3002
In base 6, what is -1444 + -3?
-1451
In base 12, what is -1 + -3aa?
-3ab
In base 13, what is 22 - -1a?
3c
In base 8, what is 2622 - 3?
2617
In base 14, what is 122 + -29?
d7
In base 9, what is -520 + 6?
-513
In base 11, what is -13 + 15a?
147
In base 15, what is -133 - -3?
-130
In base 13, what is -24 + b?
-16
In base 8, what is 1343 + -2?
1341
In base 12, what is -257 - -3?
-254
In base 8, what is -171 - -35?
-134
In base 9, what is -6750 + -8?
-6758
In base 14, what is -21 - -118?
d7
In base 13, what is 4 - 14?
-10
In base 16, what is -5 - -2f?
2a
In base 10, what is 59 - -7?
66
In base 14, what is 11 + -c?
3
In base 12, what is -39 + 1?
-38
In base 15, what is -5 - -33?
2d
In base 4, what is 2 + 131022?
131030
In base 11, what is -3 - 3a?
-42
In base 8, what is -4154 - -2?
-4152
In base 4, what is 1010030 - -1?
1010031
In base 13, what is -219 - -1?
-218
In base 15, what is 6d - 2?
6b
In base 16, what is 3 + -123f?
-123c
In base 7, what is 435 + -1?
434
In base 2, what is 0 + 101101?
101101
In base 6, what is -2 - 235?
-241
In base 16, what is 41 - 7a?
-39
In base 6, what is -504 - -251?
-213
In base 7, what is -164 - -64?
-100
In base 12, what is -2 + -5a?
-60
In base 10, what is -2 + 48?
46
In base 8, what is 41 - 21?
20
In base 5, what is -24 + 3?
-21
In base 3, what is -212 + 101?
-111
In base 4, what is -1200201 - 1?
-1200202
In base 2, what is 11001000 + 101?
11001101
In base 16, what is -63 - 59?
-bc
In base 2, what is 110111 - 0?
110111
In base 10, what is -864 - 0?
-864
In base 7, what is -2 - -15541?
15536
In base 11, what is 3 - 8a?
-87
In base 11, what is 4 - 755?
-751
In base 10, what is 1016 + 2?
1018
In base 16, what is -4 - 1d?
-21
In base 5, what is 3 - 141?
-133
In base 8, what is -170 - 21?
-211
In base 11, what is -47 - 179?
-215
In base 10, what is 1878 - -8?
1886
In base 15, what is -700 + 3?
-6ec
In base 5, what is 0 - -40440?
40440
In base 5, what is -1 + 202?
201
In base 8, what is -4 - -1331?
1325
In base 2, what is 100111 - -1101100?
10010011
In base 12, what is -166 + -26?
-190
In base 6, what is -240 - 2?
-242
In base 9, what is -4 + 263?
258
In base 11, what is 519 + 4?
522
In base 2, what is 0 + 101011100?
101011100
In base 9, what is 7 - -687?
705
In base 16, what is da27 - 1?
da26
In base 10, what is -436 + -3?
-439
In base 2, what is -101011 - 0?
-101011
In base 4, what is 20 + 1112?
1132
In base 15, what is 6e + -2?
6c
In base 4, what is -11312 + -202?
-12120
In base 12, what is -722 + 1?
-721
In base 12, what is -24 - -5?
-1b
In base 5, what is 22 - 14?
3
In base 12, what is 1 - -97?
98
In base 9, what is 0 + -7?
-7
In base 16, what is 22c - 3?
229
In base 3, what is 2010001 - 2?
2002222
In base 11, what is 4 - 107?
-103
In base 10, what is 10 - -71?
81
In base 15, what is -1 - -7c?
7b
In base 7, what is 64 - 535?
-441
In base 11, what is -1 + -129?
-12a
In base 7, what is 1 - -124?
125
In base 3, what is 1 + 2110?
2111
In base 15, what is -6c - 18?
-85
In base 14, what is 39 + -96?
-5b
In base 16, what is 6b + -1?
6a
In base 15, what is -6 - 18?
-1e
In base 4, what is 13213 + 11?
13230
In base 16, what is -3 + 33?
30
In base 14, what is 5 + -16?
-11
In base 4, what is 130003 - -12?
130021
In base 4, what is 3 - 31?
-22
In base 11, what is 3 + -443?
-440
In base 8, what is -1462 + -1?
-1463
In base 13, what is c - -203?
212
In base 14, what is 593 + 16?
5a9
In base 14, what is -14cd + d?
-14c0
In base 8, what is -501 - -10?
-471
In base 11, what is -3 + 119?
116
In base 3, what is -202 + -22?
-1001
In base 11, what is 10 - 13?
-3
In base 8, what is -5 + 1711?
1704
In base 16, what is -c - 2?
-e
In base 8, what is -5 - -4?
-1
In base 7, what is 5212 + -4?
5205
In base 2, what is -1110 - 1001?
-10111
In base 7, what is -636 + -3?
-642
In base 16, what is 2 - -50?
52
In base 5, what is 3 + 233?
241
In base 14, what is 5 - 3c?
-37
In base 3, what is -10 + -1111?
-1121
In base 15, what is 5 - 4c1?
-4bb
In base 9, what is 238 + 0?
238
In base 6, what is 130 - 3?
123
In base 14, what is -8 - 16?
-20
In base 3, what is -102221 + -12?
-110010
In base 2, what is -10111